{"id":108,"date":"2021-03-05T22:31:43","date_gmt":"2021-03-05T21:31:43","guid":{"rendered":"https:\/\/aligraphdk.newsite.dk\/ejendom\/?page_id=108"},"modified":"2021-03-09T23:41:26","modified_gmt":"2021-03-09T22:41:26","slug":"feriehuse","status":"publish","type":"page","link":"https:\/\/aligraph.dk\/ejendom\/","title":{"rendered":"Feriehuse"},"content":{"rendered":"\r\n<p class=\"has-drop-cap\">K\u00e6re venner, bekendte og andre bes\u00f8gende p\u00e5 siden. Du kan her l\u00e6se mere om vores dejlige feriehuse i Danmark og Italien. <br>Ring eller mail til os hvis du kunne t\u00e6nke dig at leje et af husene.<\/p>\r\n\r\n\r\n\r\n<div class=\"wp-block-media-text alignwide is-stacked-on-mobile\"><figure class=\"wp-block-media-text__media\"><a href=\"casa-del-cedro\/\"><img decoding=\"async\" src=\"https:\/\/aligraph.dk\/wp-content\/uploads\/Aligraph\/CasaDelCedro-1.jpg\" alt=\"\" class=\"wp-image-13 size-full\"\/><\/a><\/figure><div class=\"wp-block-media-text__content\">\r\n<p class=\"has-large-font-size\"><h2>Casa del Cedro<\/h2><\/p>\r\n\r\n\r\n\r\n<p>Du kan l\u00e6se mere om vores dejlige hus i Italien p\u00e5 adressen : <a href=\"https:\/\/aligraph.dk\/ejendom\/casa-del-cedro\/\">www.CasaDelCedro.dk<\/a><\/p>\r\n<\/div><\/div>\r\n\r\n\r\n\r\n<div class=\"wp-block-media-text alignwide is-stacked-on-mobile\"><figure class=\"wp-block-media-text__media\"><a href=\"casa-del-mare\/\"><img decoding=\"async\" src=\"https:\/\/aligraph.dk\/wp-content\/uploads\/Aligraph\/CasaDelMare-1024x676.jpg\" alt=\"\" class=\"wp-image-14 size-full\"\/><\/a><\/figure><div class=\"wp-block-media-text__content\">\r\n<p class=\"has-large-font-size\"><h2>Casa del Mare<\/h2><\/p>\r\n\r\n\r\n\r\n<p>L\u00e6s mere om vores lejlighed i Italien med den fantastiske havudsigt p\u00e5 adressen <a href=\"https:\/\/aligraph.dk\/ejendom\/casa-del-mare\/\">www.CasaDelMare.dk<\/a><\/p>\r\n<\/div><\/div>\r\n\r\n\r\n\r\n<div class=\"wp-block-media-text alignwide is-stacked-on-mobile\"><figure class=\"wp-block-media-text__media\"><a href=\"sommerhus\"><img decoding=\"async\" src=\"https:\/\/aligraph.dk\/wp-content\/uploads\/Aligraph\/8c8d16e7-fdff-4525-9fcd-9818293b690a.jpg\" alt=\"\" class=\"wp-image-15 size-full\"\/><\/a><\/figure><div class=\"wp-block-media-text__content\">\r\n<p class=\"has-large-font-size\"><h2>Sommerhus <\/h2>&#8220;Lynghuset&#8221;<\/p>\r\n\r\n\r\n\r\n<p>Eller l\u00e6s om vores sk\u00f8nne sommerhus p\u00e5 Sj\u00e6llands Odde p\u00e5 adressen : <a href=\"https:\/\/aligraph.dk\/ejendom\/sommerhus\/\">www.Aligraph.dk\/sommerhus<\/a> <\/p>\r\n<\/div><\/div>\r\n\r\n\r\n\r\n<p><\/p>\r\n","protected":false},"excerpt":{"rendered":"<p>K\u00e6re venner, bekendte og andre bes\u00f8gende p\u00e5 siden. Du kan her l\u00e6se mere om vores dejlige feriehuse i Danmark og Italien. Ring eller mail til os hvis du kunne t\u00e6nke dig at leje et af husene. Casa del Cedro Du kan l\u00e6se mere om vores dejlige hus i Italien p\u00e5 adressen : www.CasaDelCedro.dk Casa del [&hellip;]<\/p>\n","protected":false},"author":1,"featured_media":0,"parent":0,"menu_order":0,"comment_status":"closed","ping_status":"closed","template":"","meta":{"footnotes":""},"class_list":["post-108","page","type-page","status-publish","hentry"],"_links":{"self":[{"href":"https:\/\/aligraph.dk\/ejendom\/wp-json\/wp\/v2\/pages\/108","targetHints":{"allow":["GET"]}}],"collection":[{"href":"https:\/\/aligraph.dk\/ejendom\/wp-json\/wp\/v2\/pages"}],"about":[{"href":"https:\/\/aligraph.dk\/ejendom\/wp-json\/wp\/v2\/types\/page"}],"author":[{"embeddable":true,"href":"https:\/\/aligraph.dk\/ejendom\/wp-json\/wp\/v2\/users\/1"}],"replies":[{"embeddable":true,"href":"https:\/\/aligraph.dk\/ejendom\/wp-json\/wp\/v2\/comments?post=108"}],"version-history":[{"count":9,"href":"https:\/\/aligraph.dk\/ejendom\/wp-json\/wp\/v2\/pages\/108\/revisions"}],"predecessor-version":[{"id":726,"href":"https:\/\/aligraph.dk\/ejendom\/wp-json\/wp\/v2\/pages\/108\/revisions\/726"}],"wp:attachment":[{"href":"https:\/\/aligraph.dk\/ejendom\/wp-json\/wp\/v2\/media?parent=108"}],"curies":[{"name":"wp","href":"https:\/\/api.w.org\/{rel}","templated":true}]}}