{"id":124,"date":"2021-03-06T00:02:26","date_gmt":"2021-03-05T23:02:26","guid":{"rendered":"https:\/\/aligraphdk.newsite.dk\/ejendom\/?page_id=124"},"modified":"2021-03-09T23:51:36","modified_gmt":"2021-03-09T22:51:36","slug":"omraadet","status":"publish","type":"page","link":"https:\/\/aligraph.dk\/ejendom\/casa-del-mare\/omraadet\/","title":{"rendered":"Omr\u00e5det"},"content":{"rendered":"<h1>Casa del Mare<\/h1>\n<p><u><b>Omr\u00e5det<\/b><\/u><br \/>\nCalabrien er Italiens &#8220;t\u00e5&#8221; &#8211; et meget smukt og bjergrigt landomr\u00e5de omkranset af havet: mod vest Det Thyrrenske Hav og mod \u00f8st Det Ioniske Hav. Lejligheden ligger ud til det Ioniske hav.<br \/>\nDer er ikke meget industri i Calabrien, hvorfor luften er meget ren, og egnen anbefales til personer med lungevejslidelser. Ogs\u00e5 havet er rent, og der er mange kilometer sandstrand afbrudt af klippestrande.<br \/>\nBefolkningen er venlige, og man har indtryk af et meget trygt land at f\u00e6rdes i.<br \/>\nLandet er pr\u00e6get af at gr\u00e6kerne har boet og p\u00e5virket flere omr\u00e5der i egnen.<br \/>\nBefolkningen er fortsat noget fattigere end i Norditalien, men ikke forarmede. Man m\u00e6rker det mest p\u00e5 restaurationslivet, som for en stor del lukkes ned udenfor turists\u00e6sonen, idet egnens beboere ikke selv g\u00e5r meget ud og spiser &#8211; formentlig af \u00f8konomiske \u00e5rsager. Der er dog i byerne altid cafeer mv. som har \u00e5bent, og der er et farverigt og hyggeligt liv i byerne. Selv i vinterm\u00e5nederne er der udeliv, og folk m\u00f8des og sidder og sludrer p\u00e5 cafeer, endda ogs\u00e5 om aftenerne, n\u00e5r vejret tillader det.<br \/>\nS\u00e6sonen er fra 15. juni til 15. september &#8211; men den vil forl\u00e6nges, n\u00e5r flere turister bes\u00f8ger egnen. Der er absolut grobund for at nyde ferielivet hele \u00e5ret rundt &#8211; gennemsnitstemperaturen i december m\u00e5ned er 17 grader!<br \/>\nItalienerne holder selv ferie i juli og august m\u00e5ned, og befolkningen fra Rom og Napoli er hyppige g\u00e6ster i Calabrien i disse m\u00e5neder. S\u00e5 er der liv og glade dage &#8211; og den calabresiske befolkning \u00e5nder lettet op, n\u00e5r turisterne drager hjem igen.<br \/>\nIndtil videre har vi v\u00e6ret der i maj, i slutningen af september samt i februar\/marts m\u00e5ned &#8211; altid med et smukt vejr og 28-30 graders varme (i februar\/marts dog &#8220;kun&#8221; 17-25&#8243;).<br \/>\nI august kan varmen snige sig op mod de 40 grader &#8211; lidt for varmt for os, men det er jo her italienerne selv holder ferie.<\/p>\n<p>Der er flere nationalparker i Calabrien, og en af de flotteste ligger i Sila bjergene ca.50 km fra lejligheden.<br \/>\nSila Piccola har m\u00e5ske mest at byde p\u00e5, bl.a. er der mulighed for skisport om vinteren. Det er et meget varieret og pittoresk landskab, rig p\u00e5 vild fauna, r\u00e5dyr, ulve og vildsvin. Der er gode muligheder for at vandre.<br \/>\nHer ligger byen Taverne, den kunstige s\u00f8 Lago Ampollino, byen San Giovanni in Fiore med sin helt specielle beliggenhed. Man finder stadig kvinder her som b\u00e6rer en s\u00e6rlig national kl\u00e6dedragt.<br \/>\nHer er der vandrestier og mange muligheder for at nyde smukke udsigter.<br \/>\nEn anden kendt nationalpark er Pollino.<br \/>\nDer er i hele egnen et utal af sm\u00e5 maleriske bjergbyer &#8211; helt igennem italiensk og folkeligt. Vi kan bl.a. pege p\u00e5 Staletti som er hovedbyen i vores kommune. P\u00e5 stranden ved Badolato l\u00e6gger skildpadderne \u00e6g, som udkl\u00e6kkes i november m\u00e5ned. Andre byer som er et bes\u00f8g v\u00e6rd kan v\u00e6re Borgia 17 km fra lejligheden eller Gerace 85 km som har en smuk gammel borgruin og et utal af meget gamle kirker samt sk\u00f8n udsigt. Udover bjerbyerne findes en r\u00e6kke hyggelige byer langs vandet &#8211; bl.a. vores &#8220;egen&#8221; by Soverato, men der er ogs\u00e5 mange mange flere sk\u00f8nne byer rundt om i egnen.<br \/>\nVi kan ogs\u00e5 anbefale en tur til den n\u00e6rmeste by &#8220;Stalleti&#8221; der er hovedbyen i den kommune som bebyggelsen ligger i (bem\u00e6rk de italienske kommuner er meget sm\u00e5). I Staletti findes en fantastisk stor legeplads for b\u00f8rn ved kirken. Staletti er en hyggelig lille by med sm\u00e5 cafeer, butikker.<br \/>\nEt godt r\u00e5d: medbring mad og drikke p\u00e5 ture ud i landet, da der ikke er garanti for \u00e5bne restauranter i de sm\u00e5 byer. Til geng\u00e6ld er der et v\u00e6ld af smukke steder at indtage sin medbragte ost, oliven, tomater og br\u00f8d &#8211; og en t\u00e5r r\u00f8dvin.<br \/>\nCalabriens beliggenhed g\u00f8r det velegnet til udflugter til Sicilien, vulkan\u00f8en Stromboli, Pompei, og Rom, ligesom der er et utal af smukke gamle byer som kryber op ad bjergene.<br \/>\nOg s\u00e5 er der rig mulighed for strand- og badeliv.<\/p>\n<p>Landet er fuld af oliventr\u00e6er og andre frugttr\u00e6er som fx appelsin-, citron og mandarintr\u00e6er, og midt inde i landet finder du gedehyrder, som vandrer med deres gedeflok i de gr\u00f8nne dale.<br \/>\nVi kan n\u00e6sten ikke ber\u00f8mme Calabrien nok &#8211; alligevel er der ikke mange nordboere, der har opdaget denne perle.<br \/>\nJo, engl\u00e6nderne er i fuld gang med at opk\u00f8be landet &#8211; og der er en del byggeprojekter, is\u00e6r p\u00e5 syd-\u00f8st kysten. Ikke alle er lige heldige, men heldigvis er der restriktioner p\u00e5 hvor t\u00e6t, hvor h\u00f8jt osv. man m\u00e5 bygge.<\/p>\n<p>Du kan evt. l\u00e6se mere om Italien p\u00e5 <a href=\"http:\/\/europa.eu\/abc\/european_countries\/eu_members\/italy\/index_da.htm\" target=\"_blank\" rel=\"noopener\">http:\/\/europa.eu<\/a><\/p>\n<p><a href=\"Calabrien_befolkning_DK.asp\" target=\"_blank\" rel=\"noopener\">Befolkningen<\/a><\/p>\n","protected":false},"excerpt":{"rendered":"<p>Casa del Mare Omr\u00e5det Calabrien er Italiens &#8220;t\u00e5&#8221; &#8211; et meget smukt og bjergrigt landomr\u00e5de omkranset af havet: mod vest Det Thyrrenske Hav og mod \u00f8st Det Ioniske Hav. Lejligheden ligger ud til det Ioniske hav. Der er ikke meget industri i Calabrien, hvorfor luften er meget ren, og egnen anbefales til personer med lungevejslidelser. [&hellip;]<\/p>\n","protected":false},"author":1,"featured_media":0,"parent":63,"menu_order":0,"comment_status":"closed","ping_status":"closed","template":"","meta":{"footnotes":""},"class_list":["post-124","page","type-page","status-publish","hentry"],"_links":{"self":[{"href":"https:\/\/aligraph.dk\/ejendom\/wp-json\/wp\/v2\/pages\/124","targetHints":{"allow":["GET"]}}],"collection":[{"href":"https:\/\/aligraph.dk\/ejendom\/wp-json\/wp\/v2\/pages"}],"about":[{"href":"https:\/\/aligraph.dk\/ejendom\/wp-json\/wp\/v2\/types\/page"}],"author":[{"embeddable":true,"href":"https:\/\/aligraph.dk\/ejendom\/wp-json\/wp\/v2\/users\/1"}],"replies":[{"embeddable":true,"href":"https:\/\/aligraph.dk\/ejendom\/wp-json\/wp\/v2\/comments?post=124"}],"version-history":[{"count":4,"href":"https:\/\/aligraph.dk\/ejendom\/wp-json\/wp\/v2\/pages\/124\/revisions"}],"predecessor-version":[{"id":599,"href":"https:\/\/aligraph.dk\/ejendom\/wp-json\/wp\/v2\/pages\/124\/revisions\/599"}],"up":[{"embeddable":true,"href":"https:\/\/aligraph.dk\/ejendom\/wp-json\/wp\/v2\/pages\/63"}],"wp:attachment":[{"href":"https:\/\/aligraph.dk\/ejendom\/wp-json\/wp\/v2\/media?parent=124"}],"curies":[{"name":"wp","href":"https:\/\/api.w.org\/{rel}","templated":true}]}}