{"id":142,"date":"2021-03-06T00:04:40","date_gmt":"2021-03-05T23:04:40","guid":{"rendered":"https:\/\/aligraphdk.newsite.dk\/ejendom\/?page_id=142"},"modified":"2023-06-06T20:20:33","modified_gmt":"2023-06-06T18:20:33","slug":"fra-danmark","status":"publish","type":"page","link":"https:\/\/aligraph.dk\/ejendom\/casa-del-mare\/fra-danmark\/","title":{"rendered":"Fra Danmark"},"content":{"rendered":"<h1>Casa del Mare<\/h1>\n<p>Normalt siger man jo at alle veje f\u00f8rer til Rom og det er nok heller ikke helt forkert.<\/p>\n<p>Man kan naturligvis v\u00e6lge at <b><u>k\u00f8re i egen bil<\/u><\/b> helt fra Danmark (hvis man ellers kan afs\u00e6tte 2-3 dage til turen &#8211; med et par stop undervejs kan man jo samtidig se lidt af Europa). Fra Sj\u00e6lland er den hurtigste og korteste vej normalt via Gedser &#8211; Rostock og videre forbi Berlin og over Brenner-passet som cirka ligger halvvejs til Calabrien.<\/p>\n<table>\n<tbody>\n<tr>\n<td width=\"300\"><\/td>\n<td width=\"100\"><\/td>\n<td width=\"300\"><\/td>\n<\/tr>\n<tr>\n<td rowspan=\"2\" width=\"270\">T\u00e6t p\u00e5 Brenner passet har vi fundet et utrolig dejlig overnatningssted &#8220;B\u00e4ckeralm&#8221; med den mest storsl\u00e5ede udsigt til Alperne og Tysklands n\u00e6sth\u00f8jeste bjerg. Du kan l\u00e6se mere om stedet og evt. bestille overnatning p\u00e5 <a href=\"http:\/\/www.baeckeralm.com\/\" target=\"_blank\" rel=\"noopener\">B\u00e4ckeralm<\/a>. Stedets ejer er i\u00f8vrigt halvejs dansk. Vi har ca. 1110 km. fra Helsing\u00f8r til B\u00e4ckeralm ialt knap 12 timers transporttid (med ankomst 1 kvarter f\u00f8r afgang, 9 kvarters sejltid samt en effektiv k\u00f8retid (jf. <a href=\"http:\/\/www.viamichelin.com\/viamichelin\/gbr\/tpl\/hme\/MaHomePage.htm\" target=\"_blank\" rel=\"noopener\">Michelin<\/a>) p\u00e5 2 timer plus knap 8 timer). Fra B\u00e4ckeralm til Santa Maria del Cedro i Calabrien er der ca. 1210 km med en k\u00f8retid (igen jf. Michelin) p\u00e5 knap 12\u00bd time. Med 2 lange rejsedage ligger B\u00e4ckeralm jo bare perfekt i midten.<\/td>\n<td colspan=\"2\"><img decoding=\"async\" src=\"https:\/\/aligraph.dk\/ejendom\/wp-content\/uploads\/2021\/03\/P4210112.jpg\" alt=\"\" width=\"390\"><\/td>\n<\/tr>\n<tr>\n<td colspan=\"2\"><img decoding=\"async\" src=\"https:\/\/aligraph.dk\/ejendom\/wp-content\/uploads\/2021\/03\/14-11-08...Schnee03.jpg\" alt=\"\" width=\"390\"><\/td>\n<\/tr>\n<tr>\n<td colspan=\"2\"><img decoding=\"async\" src=\"https:\/\/aligraph.dk\/ejendom\/wp-content\/uploads\/2021\/03\/Bild_215_ji.jpg\" alt=\"\" width=\"390\"><\/td>\n<td width=\"270\">Efter\u00e5rsbillede taget i oktober m\u00e5ned &#8211; nyd den sk\u00f8nne udsigt fra terrassen i &#8220;G\u00e4stehaus B\u00e4ckeralm&#8221;<\/p>\n<p>B\u00e4ckeralm\u00a9 G\u00e4stehaus am Schmalensee &#8211; Fischerweg 6 &#8211; 82481 Mittenwald &#8211; TEL 08823-938720<\/p>\n<p><a href=\"http:\/\/www.baeckeralm.com\" target=\"_blank\" rel=\"noopener\">www.baeckeralm.com<\/a><\/td>\n<\/tr>\n<\/tbody>\n<\/table>\n<p>Som alternativ til &#8220;B\u00e4ckeralm&#8221; kan vi anbefale <a href=\"http:\/\/www.humlerhof.com\/index.html\" target=\"_blank\" rel=\"noopener\">&#8220;Gasthof Humler&#8221;<\/a> i brennerpasset. Ligger rigtig flot meget t\u00e6t p\u00e5 den Italinske gr\u00e6nse. Fine enkle v\u00e6relser, ok morgenmad, hyggelig aftenstemning<\/p>\n<p>De fleste v\u00e6lger dog nok at <b><u>flyve til Italien<\/u><\/b>.<\/p>\n<p>Der ligger en del lufthavne i Calabrien og omegn. Vi kan her n\u00e6vne &#8220;<u>Lamezia Terme Lufthavn<\/u>&#8221; og &#8220;<u>Napoli lufthavn<\/u>&#8221; &#8211; afstande hertil er hhv. 115km (k\u00f8retid ca. 2 timer) og 250km (godt 3 timer).<\/p>\n<p>Du kan flyve billigt med Ryanair direkte til Napoli.<\/p>\n<p>Der er ogs\u00e5 gode muligheder for at rejse til Syditalien (Bari, Amalfikysten og Sicilien) med TUI b\u00e5de fra <a href=\"https:\/\/www.tui.dk\/rejse\" target=\"_blank\" rel=\"noopener\">&#8220;Danmark&#8221;<\/a>, <a href=\"https:\/\/www.tui.se\/resa\" target=\"_blank\" rel=\"noopener\">&#8220;Sverige&#8221;<\/a>, <a href=\"https:\/\/www.tui.no\/feriereiser\" target=\"_blank\" rel=\"noopener\">&#8220;Norge&#8221;<\/a> og <a href=\"https:\/\/www.tui.fi\/matkat\" target=\"_blank\" rel=\"noopener\">&#8220;Finland&#8221;<\/a>.<br \/>\nP\u00e5 TUI&#8217;s hjemmeside finder du beskrivelser af mange af de ting du kan opleve og se i Syditalien.<\/p>\n<p>Senest har Ryanair \u00e5bnet en rute fra Billund til <u>Brindisi<\/u> som ligger ca. 290km (k\u00f8retid ca. 4\u00bd time) fra huset.<\/p>\n<p>En r\u00e6kke selskaber flyver til Rom. Der er en super motorvej hele vejen fra Rom og Napoli.<\/p>\n<p>Afstanden fra <u>Rom<\/u> Fiumicino lufthavn (FCO) er ca. 460km (en k\u00f8retid p\u00e5 godt 5 timer). Er man ikke s\u00e5 meget for de lange bilture vil vi naturligvis anbefale et flyskift &#8211; v\u00e6lger man at flyve indenrigs i Italien vil dette ofte foreg\u00e5 med Alitalia (i\u00f8vrigt flyver Star Tour direkte til Lamezia Terme, men pt. kun i sommerm\u00e5nederne.)<\/p>\n<p>Man kan v\u00e6re heldig at f\u00e5 en fly returbillet fra Danmark til <b>Rom<\/b> (FCO) fra ca. 800 dKr. Vi kan her n\u00e6vne f\u00f8lgende flyselskaber:<\/p>\n<p><a href=\"http:\/\/http:\/\/www.norwegian.com\/\" target=\"_blank\" rel=\"noopener\">Norwegian<\/a><\/p>\n<p><a href=\"http:\/\/www.sas.dk\/da\/\" target=\"_blank\" rel=\"noopener\">SAS<\/a><\/p>\n<p>Bor man i Jylland er Ryanairs nye rute bestemt en mulighed &#8211; direkte fra Billund helt til <a href=\"http:\/\/www.ryanair.com\/en\/cheap-flights-brindisi-italy\/\" target=\"_blank\" rel=\"noopener\"><b>Brindisi<\/b><\/a> (BDS) retur fra ca. 840 kr. pr. person :<\/p>\n<p><a href=\"http:\/\/www.ryanair.com\/da\" target=\"_blank\" rel=\"noopener\">Ryanair<\/a><\/p>\n<p>Det er ogs\u00e5 muligt at flyve fra K\u00f8benhavn til f.eks. <b>Lametzia<\/b> (SUF) med EasyJet <u><b>via<\/b> Milano<\/u> for ca. 1.000 Kr\/retur\/person (incl. skatter mm) (Kbh-Milano fra 200kr og Milan-Lamezia fra 300kr). (NB: pt. kan man kun rejse ned til Calabrien med EasyJet uden overnatning).<\/p>\n<p><a href=\"http:\/\/www.easyjet.com\/asp\/en\/book\/index.asp\" target=\"_blank\" rel=\"noopener\">EasyJet<\/a><\/p>\n<p><!-- 6t52min 616 km  ( via hotel Pompei: 7t22min 626 km --><br \/>\n<!-- 7t07min 643 km --><\/p>\n<p>V\u00e6lger man at flyve til Rom&#8217;s Fiumicino lufthavn (FCO) ogs\u00e5 kaldt &#8220;Leonardo da Vinci&#8221; skal man v\u00e6re opm\u00e6rksom p\u00e5 at der er ca. 450 km til huset og man skal regne med godt 5 timers k\u00f8rsel. Specielt ved hjemturen hvor man skal n\u00e5 et fly fra Rom er det en god ide med en overnatning t\u00e6ttere p\u00e5 lufthavnen. Vi og flere lejere har derfor taget en overnatning i Pompeij og har her kunnet se de unikke udgravninger samtidig med at k\u00f8retiden til Rom n\u00e6ste morgen er mere overkommelig. I Pompeij kan vi kan anbefale <a href=\"http:\/\/www.villadeimisteri.it\/\" target=\"_blank\" rel=\"noopener\">Hotel Villa dei Misteri<\/a>.<\/p>\n<p>Som alternativ til en overnatning i n\u00e6rheden af Rom kan vi ogs\u00e5 anbefale at man flyver fra &#8220;Lamezia Terme&#8221; lufthavnen til Rom (AirOne har en god forbindelse via Rom &#8211; samlet rejsetid fra Lamezia til K\u00f8benhavn kun 5t 15 min). Husk at sikre jer at bilen kan afleveres i Lamezia hvis I har lejet den fra Rom.<\/p>\n<p>Hvis man f\u00f8rst ankommer med fly til Rom om eftermiddagen anbefaler vi de fleste at de ogs\u00e5 tager en overnatning p\u00e5 dette hotel p\u00e5 vej ned til lejligheden. En afstikker til dette hotel giver kun ca.10km ekstra k\u00f8rsel &#8211; ca.2&#215;15 minutter.<\/p>\n<p>N\u00e5r man alligevel lander i Rom er det jo n\u00e6rliggende enten at starte eller slutte med et ophold i byen og p\u00e5 denne m\u00e5de f\u00e5 bedre tid til k\u00f8returen til Calabrien. I Rom kan vi anbefale overnatning i en lejlighed som ligger i et roligt kvarter, men alligevel t\u00e6t p\u00e5 centrum (udlejes dog normalt for een uge ad gangen). L\u00e6s mere p\u00e5 <a href=\"http:\/\/www.romrecinella.dk\/modules\/myalbum\/\" target=\"_blank\" rel=\"noopener\">www.romrecinella.dk<\/a><\/p>\n<p>Det er ikke dyrt at <b>leje bil<\/b> i Italien. Typisk kan man leje en lille Fiat Punto (eller lignende) for ca. 2900 dKr for 2 uger (NB: vejene er ofte meget smallle i de sm\u00e5 bjergbyer hvorfor det er en god ide med en lille bil, men husk der skal ogs\u00e5 v\u00e6re plads til bagagen). En lidt st\u00f8rre bil som feks. Opel Astra (eller lignende) kan lejes for ca. 2000 dKr pr. uge.<\/p>\n<p>Vi lejer normalt bil hos <a href=\"http:\/\/www.argusrentals.com\/myargus\/signup.php\" target=\"_blank\" rel=\"noopener\">ArgusRentals<\/a><\/p>\n<p>Hvis man ikke vil leje bil fra Rom kan vi foresl\u00e5 at man tager <b>toget<\/b>. Der er glimrende togforbindelse fra Rom til Calabrien (Toget standser i Scalea som kun ligger nogle f\u00e5 kilometer fra huset)(toget k\u00f8rer hele vejen til Sicilien langs Italiens vest-kyst). Flere informationer kan f\u00e5s p\u00e5:<\/p>\n<p><a href=\"http:\/\/trenitalia.com\/homepage_en.html\" target=\"_blank\" rel=\"noopener\">TrenItalia<\/a><\/p>\n<p>En enkelt billet fra Napoli til Scalea (p\u00e5 2.klasse) koster fra ca. \u20ac20 (ca. 150kr) og helt fra Rom ca. \u20ac34 (260kr).<\/p>\n<p>Har du flere sp\u00f8rgsm\u00e5l til hvordan man kommer frem og tilbage til Danmark m\u00e5 du gerne kontakte os og vi vil fors\u00f8ge at hj\u00e6lpe dig med at arrangere rejsen.<\/p>\n","protected":false},"excerpt":{"rendered":"<p>Casa del Mare Normalt siger man jo at alle veje f\u00f8rer til Rom og det er nok heller ikke helt forkert. Man kan naturligvis v\u00e6lge at k\u00f8re i egen bil helt fra Danmark (hvis man ellers kan afs\u00e6tte 2-3 dage til turen &#8211; med et par stop undervejs kan man jo samtidig se lidt af [&hellip;]<\/p>\n","protected":false},"author":1,"featured_media":0,"parent":63,"menu_order":0,"comment_status":"closed","ping_status":"closed","template":"","meta":{"footnotes":""},"class_list":["post-142","page","type-page","status-publish","hentry"],"_links":{"self":[{"href":"https:\/\/aligraph.dk\/ejendom\/wp-json\/wp\/v2\/pages\/142","targetHints":{"allow":["GET"]}}],"collection":[{"href":"https:\/\/aligraph.dk\/ejendom\/wp-json\/wp\/v2\/pages"}],"about":[{"href":"https:\/\/aligraph.dk\/ejendom\/wp-json\/wp\/v2\/types\/page"}],"author":[{"embeddable":true,"href":"https:\/\/aligraph.dk\/ejendom\/wp-json\/wp\/v2\/users\/1"}],"replies":[{"embeddable":true,"href":"https:\/\/aligraph.dk\/ejendom\/wp-json\/wp\/v2\/comments?post=142"}],"version-history":[{"count":6,"href":"https:\/\/aligraph.dk\/ejendom\/wp-json\/wp\/v2\/pages\/142\/revisions"}],"predecessor-version":[{"id":1146,"href":"https:\/\/aligraph.dk\/ejendom\/wp-json\/wp\/v2\/pages\/142\/revisions\/1146"}],"up":[{"embeddable":true,"href":"https:\/\/aligraph.dk\/ejendom\/wp-json\/wp\/v2\/pages\/63"}],"wp:attachment":[{"href":"https:\/\/aligraph.dk\/ejendom\/wp-json\/wp\/v2\/media?parent=142"}],"curies":[{"name":"wp","href":"https:\/\/api.w.org\/{rel}","templated":true}]}}