{"id":869,"date":"2022-01-20T20:17:06","date_gmt":"2022-01-20T19:17:06","guid":{"rendered":"https:\/\/aligraph.dk\/ejendom\/?page_id=869"},"modified":"2022-03-15T11:50:35","modified_gmt":"2022-03-15T10:50:35","slug":"hoejby-naesholm-syvhoeje-annebjerg","status":"publish","type":"page","link":"https:\/\/aligraph.dk\/ejendom\/odsherred-trails\/hoejby-naesholm-syvhoeje-annebjerg\/","title":{"rendered":"H\u00f8jby-N\u00e6sholm-Syvh\u00f8je-Annebjerg"},"content":{"rendered":"<p>S\u00e6t god tid af til denne vandring, som er m\u00e6ttet med historiens spor i Odsherreds smukke landskab.<\/p>\n<p>Man kan v\u00e6lge imellem 3 ruter med lidt forskellig l\u00e6ngde. Klik p\u00e5 kortene for at hente PDF-kort i h\u00f8j opl\u00f8sning.<\/p>\n<p>Den l\u00e6ngste rute er p\u00e5 ca. 14,5 km og g\u00e5r forbi H\u00f8jby og N\u00e6sby S\u00f8er samt til Anneberg. En del af ruten g\u00e5r langs mindre veje. Turen g\u00e5r blandt andet forbi gode spisesteder som <a href=\"https:\/\/www.hojbykro.dk\/?gclid=Cj0KCQjwz7uRBhDRARIsAFqjulk4mgMNdbQNJVeamiykOEecqAZMtrN7cRZbWZTkkm-9vg3YBOzOYrMaAtKXEALw_wcB\" target=\"_blank\" rel=\"noopener\">H\u00f8jby Kro<\/a>, <a href=\"https:\/\/restaurant-anneberg.dk\/\" target=\"_blank\" rel=\"noopener\">Restaurant Anneberg<\/a> og <a href=\"https:\/\/cafesolvogn.dk\/\" target=\"_blank\" rel=\"noopener\">CafeSolvogn<\/a> (Odsherred Goldklub).<\/p>\n<p><a href=\"https:\/\/aligraph.dk\/ejendom\/wp-content\/uploads\/2022\/03\/Hojby1.pdf\" target=\"_blank\" rel=\"noopener\"><img loading=\"lazy\" decoding=\"async\" class=\"alignnone wp-image-1015 size-full\" src=\"https:\/\/aligraph.dk\/ejendom\/wp-content\/uploads\/2022\/03\/Hojby1.jpg\" alt=\"\" width=\"1368\" height=\"698\" srcset=\"https:\/\/aligraph.dk\/ejendom\/wp-content\/uploads\/2022\/03\/Hojby1.jpg 1368w, https:\/\/aligraph.dk\/ejendom\/wp-content\/uploads\/2022\/03\/Hojby1-300x153.jpg 300w, https:\/\/aligraph.dk\/ejendom\/wp-content\/uploads\/2022\/03\/Hojby1-1024x522.jpg 1024w, https:\/\/aligraph.dk\/ejendom\/wp-content\/uploads\/2022\/03\/Hojby1-768x392.jpg 768w, https:\/\/aligraph.dk\/ejendom\/wp-content\/uploads\/2022\/03\/Hojby1-1200x612.jpg 1200w\" sizes=\"auto, (max-width: 1368px) 100vw, 1368px\" \/><\/a><\/p>\n<p>Den anden rute er afkortet og bringer dig ogs\u00e5 forbi de to s\u00f8er samt Syv H\u00f8je og er p\u00e5 ca. 8,5 km. En del af denne rute g\u00e5r ogs\u00e5 langs mindre veje.<\/p>\n<p><a href=\"https:\/\/aligraph.dk\/ejendom\/wp-content\/uploads\/2022\/03\/Hojby2.pdf\" target=\"_blank\" rel=\"noopener\"><img loading=\"lazy\" decoding=\"async\" class=\"alignnone wp-image-1014 size-full\" src=\"https:\/\/aligraph.dk\/ejendom\/wp-content\/uploads\/2022\/03\/Hojby2.jpg\" alt=\"\" width=\"779\" height=\"574\" srcset=\"https:\/\/aligraph.dk\/ejendom\/wp-content\/uploads\/2022\/03\/Hojby2.jpg 779w, https:\/\/aligraph.dk\/ejendom\/wp-content\/uploads\/2022\/03\/Hojby2-300x221.jpg 300w, https:\/\/aligraph.dk\/ejendom\/wp-content\/uploads\/2022\/03\/Hojby2-768x566.jpg 768w\" sizes=\"auto, (max-width: 779px) 100vw, 779px\" \/><\/a><\/p>\n<p>Den sidste rute er p\u00e5 ca. 11,5 km og er kun p\u00e5 stier og markveje. Denne tur g\u00e5r omkring N\u00e6sby S\u00f8 samt til borgen Borren i nordsiden af H\u00f8jby S\u00f8.<\/p>\n<p><a href=\"https:\/\/aligraph.dk\/ejendom\/wp-content\/uploads\/2022\/03\/Hojby3.pdf\" target=\"_blank\" rel=\"noopener\"><img loading=\"lazy\" decoding=\"async\" class=\"alignnone wp-image-1017 size-full\" src=\"https:\/\/aligraph.dk\/ejendom\/wp-content\/uploads\/2022\/03\/Hojby3.jpg\" alt=\"\" width=\"785\" height=\"479\" srcset=\"https:\/\/aligraph.dk\/ejendom\/wp-content\/uploads\/2022\/03\/Hojby3.jpg 785w, https:\/\/aligraph.dk\/ejendom\/wp-content\/uploads\/2022\/03\/Hojby3-300x183.jpg 300w, https:\/\/aligraph.dk\/ejendom\/wp-content\/uploads\/2022\/03\/Hojby3-768x469.jpg 768w\" sizes=\"auto, (max-width: 785px) 100vw, 785px\" \/><\/a>L\u00e6s meget mere om omr\u00e5det og den sp\u00e6ndende natur og kultur i folderen <a href=\"http:\/\/www.hojbylokalraad.dk\/besoeg-soelandet\/vandreture\/\" target=\"_blank\" rel=\"noopener\">http:\/\/www.hojbylokalraad.dk\/besoeg-soelandet\/vandreture\/<\/a><\/p>\n<p><strong>Kalkmalerierne i H\u00f8jby Kirke<\/strong><br \/>\nH\u00f8jby Kirke er en af Sj\u00e6llands st\u00f8rste, \u00e6ldste og vel ogs\u00e5 mest statelige kampestenskirke fra begyndelsen af 1100-tallet.Tidligere l\u00e5 her formentlig en tr\u00e6kirke fra sen vikingetid, hvorfra et par egebj\u00e6lker er indmuret over kirkens d\u00f8re. Kirken erkendt for sine kalkmalerier. Nogle f\u00e5 er fra romansk tid, mens de mest kendte er af sen-gotisk oprindelse.<br \/>\nEfter reformationen i 1536 blev kalkmalerierne overmalet. Helgen billedserier havde v\u00e6ret n\u00f8dvendige i den katolske tid meduforst\u00e5elige messer og ceremonier, der blev afl\u00f8st af pr\u00e6diken p\u00e5 modersm\u00e5let. I 1870 blev kalkmalerierne atter frilagt. De har v\u00e6ret restaureret adskillige gange gennem tiden. Senest i 2007 og de udg\u00f8r i dag et stykke enest\u00e5ende kirkekunst. Forfatteren Ebbe Kl\u00f8vedal Reich har skrevet \u201dEn engels vinger\u201d om kalkmaleren, hans l\u00e6rling og livet i H\u00f8jby under arbejdet med at malekalkmalerierne i slutningen af 1300-tallet. Maleriet af \u00e6rkeenglen spiller en vigtig rolle i bogen og anses i \u00f8vrigt for at v\u00e6re det sk\u00f8nneste billede skabt i dansk kirkekunst.<br \/>\nStolegavlene er fra reformationstiden, midten af 1500-tallet, hvor kirkeg\u00e6ngerne m\u00e5tte sidde ned under gudstjenesten.<\/p>\n<p><strong>Fugleskjul og Fiskeplads ved H\u00f8jby S\u00f8<\/strong><br \/>\nUmiddelbart bag H\u00f8jby Kirke finder man b\u00e5de en hyggelig Fiskeplatform samt et lukket Fugleskjul med flot udsigt over s\u00f8en samt flokke placer og digitale informationer om s\u00f8 og dyrene man kan se.<\/p>\n<p><strong>Spejder Shelters, toiletter mm<br \/>\n<\/strong>I starten af turen kommer man forbi De Gule Spejderes plads: &#8220;Erik Klipping Trop&#8221; med Shelters og toiletter. &#8220;<em>Ved ophold p\u00e5 pladsen skal der betales tilskud til vedligeholdelse, s\u00e5 vi fortsat kan holde pladsen p\u00e6n. Betaling kr. 35\/person\/p\u00e5begyndt d\u00f8gn i shelters eller telt. Prisen er inkl. adgang til wc og vand v\/hytten. Betaling via MobilePay til 66754 (kontakt tlf. 2143 3071). Der er eventuelt mulighed for reservation af de 3 Shelters&#8221;<\/em><\/p>\n<p><strong>Borren i H\u00f8jby S\u00f8<\/strong><br \/>\nP\u00e5 en halv\u00f8 ude i H\u00f8jby S\u00f8 l\u00e5 en forsvarsborg, som kun var i anvendelse i 1100-\u00e5rene. M\u00e5ske endda kun i perioden 1131-1157, hvor lokale storm\u00e6nd havde brug for at forsvare sig i de skiftende alliancer, de indgik i en urolig tid. Borgen bestod af en180 meter lang forsvarsmur, hvis fundament man ser, n\u00e5r man f\u00f8lger trampestien fra Pumpehuset og ud til ruinen af tilflugtst\u00e5rnet. T\u00e5rnet har en efter forholdene beskeden murtykkelse p\u00e5 2,7 og menes derfor kun at have haft 2 \u2013 3stokv\u00e6rk\/etager. Indgangen var h\u00e6vet over jorden, s\u00e5 det kr\u00e6vede en stige for at kunne komme ind. T\u00e5rnets st\u00f8rrelse p\u00e5 60 kvadratmeter antyder, at det kan have tjent som beboelse sammen med de mange bygninger der formodentlig har ligget indenfor forsvarsmuren. Det eneste lignende, samtidige anl\u00e6g i Danmark er et tilsvarende t\u00e5rn ved Bastrup i Nord\u00f8stsj\u00e6lland.<br \/>\nEt sagn fort\u00e6ller om ridder Ebbes d\u00f8tre. Mens faderen var bortrejst p\u00e5 korstog, blev de forf\u00f8rt eller voldtaget af to g\u00e5rdmandss\u00f8nner fra Holteg\u00e5rden, en kampestensg\u00e5rd lige vest for kirken. D\u00f8trene tog h\u00e6vn under messen julenat i kirken, hvor de dr\u00e6bte de to s\u00f8nner. H\u00f8jby kirke blev herefter lyst i band af paven i syv \u00e5r. Det \u00e6ldste kalkmaleri i kirken forestiller en gejstlig, der g\u00e5r i forb\u00f8n hos paven. Om det er pr\u00e6sten, der \u00f8nsker bandlysningen oph\u00e6vet, eller det er den senere Niels Jacobsen Finkenov, som havde v\u00e6ret en meget upopul\u00e6r \u00e6rkebiskop i Norge og hvis v\u00e5benskjold, man ser ovenover, vides ikke. Begge tolkninger rummer gode historier.<\/p>\n<p><strong>Borgen N\u00e6sholm<\/strong><br \/>\nN\u00e6sholm er et af de f\u00e5 borganl\u00e6g i Danmark, som er blevet fuldt udgravet. Den er ligesom Borren ved H\u00f8jby S\u00f8 anlagt p\u00e5 en halv\u00f8 afsk\u00e5ret med en kraftig vandgrav. S\u00f8en er kunstig, og vandet skaffede man via en gravet kanal fra H\u00f8jby S\u00f8. Adgangen til N\u00e6sholm har v\u00e6ret over en 50 meter lang tr\u00e6bro. Bropillerne af egetr\u00e6 har tidsbestemt borgens anl\u00e6gs \u00e5r til 1278.N\u00e6sholm har mange ruiner, hvoraf man kan afl\u00e6se borgens indretning. T\u00e5rnet er kvadratisk og s\u00e5 lille, at det kun kan v\u00e6re brugt som tilflugtst\u00e5rn. Murtykkelsen er 3,3 m. Fund af affaldslag fra de andre bygninger afsl\u00f8rer \u201dden rene ubesmykkede hverdag\u201d. Vilhelm la Cour skriver i sine beretninger fra udgravningen om livet p\u00e5 N\u00e6sholm: \u201dsom nok har ligget over bondens men betydelig under, hvad man kunne vente at finde, hvor samfundets store f\u00e6rdes\u201d.<br \/>\nUdgravningerne viser ogs\u00e5, at borgen er blevet stormet i 1340-erne. Man formoder, at den i 1355 blev erhvervet af kongen, som ogs\u00e5 ejede Nyg\u00e5rd, der ligger lige \u00f8st for N\u00e6sholm, og formentlig har v\u00e6ret ladeg\u00e5rd og vandm\u00f8lle til N\u00e6sholm. Nyg\u00e5rd er endnu ikke blevet ark\u00e6ologisk unders\u00f8gt, men rummer givetvis en forl\u00e6ngelse af denne historiske vandring.<\/p>\n<p><strong>Syvh\u00f8je<\/strong><br \/>\nH\u00f8jt i landskabet. men delvis skjult af skovbevoksninger, ligger en gruppe bronzealderh\u00f8je: Syvh\u00f8je &#8211; sk\u00f8nt der kun er seks tilbage. De har oprindeligt ligget med vid udsigt over de tre farvande Sejer\u00f8bugten, Kattegat og Isefjorden, en magtfuld position der har demonstreret folkeslagets styrke.<br \/>\nDer er skiltet adgang til h\u00f8jene, som ligger i kanten af vandrerutens forl\u00f8b.<br \/>\nNyd ogs\u00e5 Syvh\u00f8jenes sp\u00e6ndende, vilde blomsterpragt \u2013 afh\u00e6ngig af \u00e5rstiden.<\/p>\n<p><strong>Anneberg Hovedg\u00e5rd<\/strong><br \/>\nEfter svenskerkrigenes afslutning i 1660 overdrog kong Frederik d. III en lang r\u00e6kke besiddelser i pant, herunder Dragsholm Gods, til sin st\u00f8rste l\u00e5ngiver: den tyskf\u00f8dte k\u00f8bmand og rentemester Henrik M\u00fcller. Han opf\u00f8rte Anneberg hovedg\u00e5rd i 1665, hvor der f\u00f8r l\u00e5 en ejendom kendt i 1370 som Skovgaarth. Desuden blev den tilst\u00f8dende landsby, Moseby, inddraget. Stedet blev opkaldt efter datteren Anne Catarina: Anneberg. Annebergg\u00e5rd blev i 1775 igen overtaget af kronen, som fors\u00f8gte at afh\u00e6nde den sammen med hele det Odsherredske ryttergods. Det lykkedes ikke, og i stedet blev det hele sat p\u00e5 god fod i forbindelse med gennemf\u00f8relsen af landboreformerne.<br \/>\nLandinspekt\u00f8r Frantz Wilhelm Trojel blev ansat til opgaven og gennemf\u00f8rte p\u00e5 forbilledlig vis udskiftningen af alle landsbyer i hele Odsherred. I 1800 k\u00f8bte Trojel selv Annebjergg\u00e5rd. L\u00e6s mere om\u00a0 <a href=\"https:\/\/www.danskeherregaarde.dk\/nutid\/annebjerggaard\">Annebjergg\u00e5rd<\/a><\/p>\n<p><strong>Anneberg og Annebjerg<\/strong><br \/>\nBegge staveformer ses, hvilket skyldes et bevidst valg fra forskellige ejeres side. Stedet er i dag er opdelt p\u00e5 mange h\u00e6nder, hvilket g\u00f8r det sv\u00e6rt at finde f\u00e6lles fodslag i staveformen. Anneberg har tysk\u00a0 oprindelse, Annebjerg dansk.<br \/>\nKaptajn Frederik von Buchwald opf\u00f8rte i 1856 en ny hovedbygning i italiensk klassicistisk stil og fik tinglyst ret til at kalde stedet Annebjerg. Alligevel kaldte hans efterf\u00f8lgere mest stedet for Anneberg, mens skoven og vejene beholdt den danske staveform.<br \/>\nFabrikant Hempel k\u00f8bte i 1947 Anneberg med undtagelse af den hvide bygning, som tidligere var blevet solgt fra i trange tider. I mellemtiden var den r\u00f8de port bygning mod Annebjerg Str\u00e6de indrettet til hovedbygning. Hempel opf\u00f8rte i 1952 en ny hovedbygning i engelsk Tudor-stil, som leder tankerne hen p\u00e5 et engelsk landsted. Denne ejendom er privat. Efterf\u00f8lgende opf\u00f8rte Hempel en udstillingsbygning til sin glassamling, Annebergsamlingerne.<\/p>\n<p><strong>Annebjerg Str\u00e6de \u2013 en perle<\/strong><br \/>\nAnnebjerg Str\u00e6de er anlagt i forbindelse med udskiftningen i\u00a0 slutningen af 1700-tallet. Landinspekt\u00f8r Trojel, som forestod udskiftningen p\u00e5 forbilledlig vis i Odsherred, k\u00f8bte Annebjergg\u00e5rd, som indtil da havde v\u00e6ret hans tjenestebolig. Trojel skreven l\u00e6rebog om hegning i landbruget, og det er levende eksempler herfra, vi kan se og nyde p\u00e5 Annebjerg Str\u00e6de og den tilst\u00f8dende Annebjergvej: Stendiger med gr\u00f8ft foran, som permanente hegn kunne holde husdyrene inde. Ovenp\u00e5 kunne man s\u00e5 plante enten tornede planter som hvidtj\u00f8rn, sl\u00e5en og vilde roser, der hegnede i kraft af tornene. Eller man kunne plantehassel, der med \u00e5rs mellemrum kunne nedsk\u00e6res\/st\u00e6vnes og bruges til flethegn. Mellem vejen og stendigerne er der plantet popler, der ogs\u00e5 skulle levere hegns materiale til de midlertidige flethegn, n\u00e5r de blev stynet tilbage i 2 \u2013 3 meters h\u00f8jde. Poplerne, som nu i over 200 \u00e5r har v\u00e6ret passet med styning, er ved at g\u00e5 helt ud. Deres hule stammer er et meget vigtigt levested for mange dyr som ugler, flagermus, skovm\u00e5r, bier og skovgedehamse. Annebjerg Str\u00e6de udg\u00f8r med al sin mangfoldighed et af de rigeste milj\u00f8er for naturen i Odsherred, da den b\u00e5de giver f\u00f8de, l\u00e6, yngleskjul samt virker som ledelinjefor en meget stor del af vores dyreliv.<\/p>\n<p>L\u00e6s Naturstyrelsen <a href=\"https:\/\/naturstyrelsen.dk\/naturoplevelser\/naturguider\/hoejby-soe-og-nygaard-soe\/aktiviteter\/\" target=\"_blank\" rel=\"noopener\">Aktiviter ved H\u00f8jby s\u00f8 og Nyg\u00e5rd s\u00f8<\/a> eller hent kortet <a href=\"https:\/\/naturstyrelsen.dk\/naturoplevelser\/naturguider\/hoejby-soe-og-nygaard-soe\/sevaerdigheder\/\" target=\"_blank\" rel=\"noopener\">Sev\u00e6rdigheder ved H\u00f8jby S\u00f8 og Nyg\u00e5rd S\u00f8<\/a><\/p>\n<p>&nbsp;<\/p>\n<p>&nbsp;<\/p>\n","protected":false},"excerpt":{"rendered":"<p>S\u00e6t god tid af til denne vandring, som er m\u00e6ttet med historiens spor i Odsherreds smukke landskab. Man kan v\u00e6lge imellem 3 ruter med lidt forskellig l\u00e6ngde. Klik p\u00e5 kortene for at hente PDF-kort i h\u00f8j opl\u00f8sning. Den l\u00e6ngste rute er p\u00e5 ca. 14,5 km og g\u00e5r forbi H\u00f8jby og N\u00e6sby S\u00f8er samt til Anneberg. [&hellip;]<\/p>\n","protected":false},"author":1,"featured_media":0,"parent":854,"menu_order":0,"comment_status":"closed","ping_status":"closed","template":"","meta":{"footnotes":""},"class_list":["post-869","page","type-page","status-publish","hentry"],"_links":{"self":[{"href":"https:\/\/aligraph.dk\/ejendom\/wp-json\/wp\/v2\/pages\/869","targetHints":{"allow":["GET"]}}],"collection":[{"href":"https:\/\/aligraph.dk\/ejendom\/wp-json\/wp\/v2\/pages"}],"about":[{"href":"https:\/\/aligraph.dk\/ejendom\/wp-json\/wp\/v2\/types\/page"}],"author":[{"embeddable":true,"href":"https:\/\/aligraph.dk\/ejendom\/wp-json\/wp\/v2\/users\/1"}],"replies":[{"embeddable":true,"href":"https:\/\/aligraph.dk\/ejendom\/wp-json\/wp\/v2\/comments?post=869"}],"version-history":[{"count":27,"href":"https:\/\/aligraph.dk\/ejendom\/wp-json\/wp\/v2\/pages\/869\/revisions"}],"predecessor-version":[{"id":1088,"href":"https:\/\/aligraph.dk\/ejendom\/wp-json\/wp\/v2\/pages\/869\/revisions\/1088"}],"up":[{"embeddable":true,"href":"https:\/\/aligraph.dk\/ejendom\/wp-json\/wp\/v2\/pages\/854"}],"wp:attachment":[{"href":"https:\/\/aligraph.dk\/ejendom\/wp-json\/wp\/v2\/media?parent=869"}],"curies":[{"name":"wp","href":"https:\/\/api.w.org\/{rel}","templated":true}]}}