{"id":997,"date":"2022-03-15T08:08:09","date_gmt":"2022-03-15T07:08:09","guid":{"rendered":"https:\/\/aligraph.dk\/ejendom\/?page_id=997"},"modified":"2022-03-15T08:21:05","modified_gmt":"2022-03-15T07:21:05","slug":"gniben","status":"publish","type":"page","link":"https:\/\/aligraph.dk\/ejendom\/odsherred-trails\/gniben\/","title":{"rendered":"Gniben"},"content":{"rendered":"<div class=\"post-inner thin \">\n<div class=\"entry-content\">\n<p>Oplev Sj\u00e6lland Oddes yderste spids \u2013 Gniben \u2013 her er b\u00e5de en mangfoldig natur og farverige historier. Milit\u00e6ret har \u00e5bnet denne pragtfulde, n\u00e6sten uber\u00f8rte natur for offentligheden. Klik p\u00e5 kortene for at hente PDF-kort i h\u00f8j opl\u00f8sning.<a href=\"https:\/\/aligraph.dk\/ejendom\/wp-content\/uploads\/2022\/03\/Gniben.pdf\" target=\"_blank\" rel=\"noopener\"><img loading=\"lazy\" decoding=\"async\" class=\"alignnone wp-image-993 size-full\" src=\"https:\/\/aligraph.dk\/ejendom\/wp-content\/uploads\/2022\/03\/Gniben-1.jpg\" alt=\"\" width=\"1469\" height=\"980\" srcset=\"https:\/\/aligraph.dk\/ejendom\/wp-content\/uploads\/2022\/03\/Gniben-1.jpg 1469w, https:\/\/aligraph.dk\/ejendom\/wp-content\/uploads\/2022\/03\/Gniben-1-300x200.jpg 300w, https:\/\/aligraph.dk\/ejendom\/wp-content\/uploads\/2022\/03\/Gniben-1-1024x683.jpg 1024w, https:\/\/aligraph.dk\/ejendom\/wp-content\/uploads\/2022\/03\/Gniben-1-768x512.jpg 768w, https:\/\/aligraph.dk\/ejendom\/wp-content\/uploads\/2022\/03\/Gniben-1-1200x801.jpg 1200w\" sizes=\"auto, (max-width: 1469px) 100vw, 1469px\" \/><\/a><\/p>\n<p>P\u00e5 Gniben er mange sp\u00e6ndende planter knyttet til det barske, salte og t\u00f8rre, men ogs\u00e5 meget solrige milj\u00f8. Her er ogs\u00e5<br \/>\nmange insekter, som is\u00e6r firben lever godt af. Disse firben bliver fanget af blandt andet tornskader, som spidder dem p\u00e5 sl\u00e5en og<br \/>\nrosentorne, hvor de opbevares til senere fort\u00e6ring. T\u00e5rnfalke ses n\u00e6sten konstant i luften, hvor de musende er p\u00e5 udkig<br \/>\nefter de eftertragtede firben og andre byttedyr. P\u00e5 stranden er der flotte sten og mulighed for at se s\u00e6ler, edderugle og<br \/>\nsort\u00e6nder langs kysten. Gennem istiden har der ogs\u00e5 v\u00e6ret bes\u00f8g: f\u00f8rst fra de norske fjelde siden fra det svenske<br \/>\nklippelandskab. Sp\u00e6ndende vulkanske sten vidner om disse bes\u00f8g og er flottest, n\u00e5r de ligger i vandkanten og glitrer.<\/p>\n<p>Historier er der ogs\u00e5: 30\u2019ernes sv\u00f8mmepiger har krydset Kattegat, s\u00f8m\u00e6nd er st\u00f8t p\u00e5 revet, og milit\u00e6ret har skudt med skarpt<br \/>\ni b\u00e5de krigstid og fredstid. Selv et sommerhus har st\u00e5et for skud.<\/p>\n<p><strong>Oddens skabelse<\/strong><br \/>\nSj\u00e6llands Odde str\u00e6kker sig med sine 17 km langt ud i Kattegat, hvor sydsiden af odden danner afgr\u00e6nsning af Sejer\u00f8 Bugt.<br \/>\nSpidsen af Sj\u00e6llands Odde hedder Gniben og herfra str\u00e6kker et unders\u00f8isk stenrev sig yderligere 8 km ud i Kattegat. Gniben<br \/>\ner dannet under sidste istid, som sluttede for 14.000 \u00e5r siden. Omr\u00e5det mellem Gniben og Yderby, som ligger lige f\u00f8r<br \/>\nf\u00e6rgehavnen, er opst\u00e5et efter istiden som f\u00f8lge af landh\u00e6vning kombineret med en kraftig materialevandring af is\u00e6r sten, som<br \/>\ner udvasket af mor\u00e6neklinterne og f\u00f8rt med havstr\u00f8mmen langs kysten. Materialet er sorteret s\u00e5 kun de finere sandpartikler er f\u00f8rt videre langs kysten til Nyrup bugt ved Nyk\u00f8bing og videre \u00f8stp\u00e5 (pr\u00f8v ogs\u00e5 rute 103).<\/p>\n<p><strong>Milit\u00e6rets naturlige hemmeligheder<\/strong><br \/>\nMilit\u00e6rets har skydeskole p\u00e5 Gniben. S\u00f8v\u00e6rnet og andre operative enheder tr\u00e6ner fra de moderne faciliteter p\u00e5 stedet.<\/p>\n<p>P\u00e5 det milit\u00e6re omr\u00e5de yngler tre forskellige slags svaler. I klinterne \u00f8verste kant yngler digesvalen, mens land- og bysvaler har deres reder under tagudh\u00e6nget p\u00e5 de mange bygninger. I sommerhalv\u00e5ret er luften fuld af alle tre arter i deres konstante jagt efter insekter.<\/p>\n<p>Langs kysten rundt om Gniben ses edderfugle, fl\u00f8jlsand og sortand, n\u00e5r de ligger og dykker efter muslinger. Du kan ogs\u00e5 v\u00e6re heldig at se en gr\u00e5s\u00e6l stikke hovedet op af vandet, for de er meget nysgerrige.<\/p>\n<p>De varierede forhold langs kysten byder p\u00e5 et v\u00e6ld af vilde blomster.<br \/>\nDer er skiftet fra lerjorden p\u00e5 selve Gniben og de stenede kyster videre ind mod Yderby, og s\u00e5 er der forskellen mellem den varme og t\u00f8rre sydside og den skyggefulde og lidt mere fugtige nordside. S\u00e5 alt, hvad der kan t\u00e5le havgusen, gror her p\u00e5 Gniben. De mange blomster byder ogs\u00e5 p\u00e5 et rigt insektliv. Insektlivet tjener som f\u00f8de for de mange sm\u00e5fugle, firben, salamander, tudser og fr\u00f8er. T\u00e5rnfalken ses derfor ofte h\u00e6nger og muse henover de \u00e5bne arealer, hvor den jagter de mange sm\u00e5dyr i omr\u00e5det.<\/p>\n<p><strong>Topperne<\/strong><br \/>\nP\u00e5 stien langs nordkysten l\u00e6gger man rigtig m\u00e6rke til de m\u00e6rkelige formationer i terr\u00e6net. Forestil dig, at det hele har v\u00e6ret en stor stenet flade i en h\u00f8jde af den asfalterede vej, dengang det var havbund. Stenene og senere gruset har udgjort en v\u00e6rdigfuld r\u00e5stof ressource, der l\u00e5 lige til at skovle op og sejle v\u00e6k. Her i stenlejerne har italienske g\u00e6stearbejdere i 19xx-erneudvundet sten til blandt andet Kielerkanalen. Senere blev der udvundet grus, som blev afskibet fra broer p\u00e5 nordsiden. De lange volde er s\u00e5 opst\u00e5et af frasorteret materiale i takt med, at man har gravet i lange forl\u00f8b parallelt med kysten. Herved er der opst\u00e5et kunstige strandvolde i stadige gentagelser til gavn for den s\u00e6regne kystnatur.<\/p>\n<p><strong>Vraget af cementskibet \u201dBr\u00f8ns Odde\u201d<\/strong><br \/>\nI over 60 \u00e5r har man kunnet bade fra vraget af den store l\u00e6gter, som er bygget af jernbeton \u2013 en for den tid uds\u00e6dvanligkonstruktion. L\u00e6gteren var under bugsering i december 1947, da sl\u00e6betrossen til bugserdamperen sprang i h\u00e5rdt vejr medsnefog og kuling. N\u00e6ste dag strandede den, hvor den stadig ligger i Gyvelbugten.<\/p>\n<p>L\u00e6s hele historien p\u00e5 den lokale grundejerforenings hjemmeside: <a href=\"https:\/\/www.klitrosebugten.dk\/\">http\/\/www.klitrosebugten.dk<\/a>.<\/p>\n<p>P\u00e5 dage med skyde\u00f8velser er den yderste del af ruten afsp\u00e6rret. Udenfor alm. arbejdstid (08 -16) er det muligt at f\u00f8lge den afm\u00e6rkede sti til venstre lige efter f\u00e6risten p\u00e5 vejen.<\/p>\n<\/div>\n<\/div>\n<div class=\"section-inner\">\n<div class=\"post-meta-wrapper post-meta-edit-link-wrapper\">\n<ul class=\"post-meta\">\n<li class=\"post-edit meta-wrapper\"><span class=\"meta-text\"><a href=\"https:\/\/aligraph.dk\/ejendom\/wp-admin\/post.php?post=863&amp;action=edit\">Rediger<\/a><\/span><\/li>\n<\/ul>\n<\/div>\n<\/div>\n","protected":false},"excerpt":{"rendered":"<p>Oplev Sj\u00e6lland Oddes yderste spids \u2013 Gniben \u2013 her er b\u00e5de en mangfoldig natur og farverige historier. Milit\u00e6ret har \u00e5bnet denne pragtfulde, n\u00e6sten uber\u00f8rte natur for offentligheden. Klik p\u00e5 kortene for at hente PDF-kort i h\u00f8j opl\u00f8sning. P\u00e5 Gniben er mange sp\u00e6ndende planter knyttet til det barske, salte og t\u00f8rre, men ogs\u00e5 meget solrige milj\u00f8. [&hellip;]<\/p>\n","protected":false},"author":1,"featured_media":0,"parent":854,"menu_order":0,"comment_status":"closed","ping_status":"closed","template":"","meta":{"footnotes":""},"class_list":["post-997","page","type-page","status-publish","hentry"],"_links":{"self":[{"href":"https:\/\/aligraph.dk\/ejendom\/wp-json\/wp\/v2\/pages\/997","targetHints":{"allow":["GET"]}}],"collection":[{"href":"https:\/\/aligraph.dk\/ejendom\/wp-json\/wp\/v2\/pages"}],"about":[{"href":"https:\/\/aligraph.dk\/ejendom\/wp-json\/wp\/v2\/types\/page"}],"author":[{"embeddable":true,"href":"https:\/\/aligraph.dk\/ejendom\/wp-json\/wp\/v2\/users\/1"}],"replies":[{"embeddable":true,"href":"https:\/\/aligraph.dk\/ejendom\/wp-json\/wp\/v2\/comments?post=997"}],"version-history":[{"count":2,"href":"https:\/\/aligraph.dk\/ejendom\/wp-json\/wp\/v2\/pages\/997\/revisions"}],"predecessor-version":[{"id":1002,"href":"https:\/\/aligraph.dk\/ejendom\/wp-json\/wp\/v2\/pages\/997\/revisions\/1002"}],"up":[{"embeddable":true,"href":"https:\/\/aligraph.dk\/ejendom\/wp-json\/wp\/v2\/pages\/854"}],"wp:attachment":[{"href":"https:\/\/aligraph.dk\/ejendom\/wp-json\/wp\/v2\/media?parent=997"}],"curies":[{"name":"wp","href":"https:\/\/api.w.org\/{rel}","templated":true}]}}